z) + 2*x(z). Determine w(i).
-9
Suppose s + 30 = 3*g, 15*g - 10*g + 3*s - 50 = 0. Suppose -14*t - g = -9*t. Let c(z) = 2*z**3 + 4*z**2 + 4*z + 2. Determine c(t).
-6
Let q(n) = n**2 + 28*n - 61. Let p = 4421 - 4451. What is q(p)?
-1
Let z(b) = 3*b - 8. Let s be (1 + -4)/((-4)/((-64)/12)). Let x = 27 - 45. Let t be (-104)/(-18) + s/x. What is z(t)?
10
Suppose -9 = -3*m - d - 0*d, 5*m = -4*d + 22. Suppose 3*c + m*c + 3*p - 37 = 0, 3*c - 35 = -5*p. Let f(x) = x**2 - 6*x - 2. What is f(c)?
-7
Suppose 13 = -4*w - 3. Let m be (1*w)/(3/((-3)/2)). Let y(h) = -h**m + 7*h**3 + 0*h - 2 - h + 3. Calculate y(1).
6
Let j(h) = -5. Let t(o) = 13*o + 4. Let n(z) = -2*j(z) + t(z). Determine n(-1).
1
Let f(i) = 79*i**2 - 2*i + 5. Let g(a) = 19*a**2 + 1. Let h(b) = 6*f(b) - 25*g(b). Determine h(-5).
40
Let w(d) = d**2 - 3*d - 12. Let y be w(6). Suppose 0 = -q - b - 0*b, -3*b = y. Let u(t) = -13*t - 20*t - t**3 + 37*t + 1 + 4*t**q. Give u(4).
17
Let a be -4 + 0/4 - -140. Let z = -131 + a. Let m(d) = d**2 - 2*d + 3. Give m(z).
18
Let v(q) = -15*q**2 + 19*q - 19 + 14*q**2 - 9 - 21 + 13. Determine v(17).
-2
Let t(n) = 36*n + 367. Let w be t(-10). Let y(d) = 2*d**2 - 8*d - 15. Determine y(w).
27
Let q = 223/28488 - -3/5935. Let o(f) be the third derivative of 1/24*f**4 - 5/6*f**3 - 1/20*f**5 + 0 - 22*f**2 - q*f**6 + 0*f. What is o(-4)?
7
Let j(r) = -24*r - 133. Suppose 75*x + 101*x + 2286 = -205*x. Give j(x).
11
Let p(w) be the second derivative of -7*w**5/5 + w**4/12 + w**3/3 + 34*w + 21. Determine p(-1).
27
Let b be (-4)/7 - (-816)/1428. Let y(s) be the third derivative of -1/60*s**5 - 1/2*s**3 + 1/8*s**4 + 14*s**2 + b*s + 0. What is y(3)?
-3
Let v(n) = -n**3 + n**2 + 3*n + 1. Let w(g) = 4*g**3 - 10*g**2 - 4*g + 3. Let r(h) = 3*v(h) + w(h). Let a be 26/5 + 24/30. Calculate r(a).
0
Let x(u) = -3*u**2 + 2 - 5 + 5 - 2*u. Suppose 722 = -3*d + 725. Suppose z - d = -r, -z + 0*z + 3*r = 11. Determine x(z).
-6
Let d be (-39)/(-2)*34/(-51). Let g(j) = 12*j + 158. Let k be g(d). Let i(r) = -r**3 + r**2 + 2*r - 1. Determine i(k).
-1
Let c(y) = y**3 - 2*y**2 - 5*y + 5. Let q(h) = h**2 + 57*h - 112. Let b be q(2). Let f be 0 - (-5 - (b - 15)) - -7. Give c(f).
-1
Let c(k) be the first derivative of k**2 + 114 + 0*k - 2/3*k**3. Give c(2).
-4
Let q be 3961/(-493) - (-2)/58. Let p(l) = -8*l - l**2 - l - l - 8. Give p(q).
8
Let k(b) = 5*b + 27. Suppose 0 = -3*p + 12, -g + 0*p = -2*p + 13. Let l be k(g). Let q(f) = -5 + 0 + f**l - 11*f + 6*f. Give q(7).
9
Let h(t) = t**3 - 83 + 48 + 18 + t + 6*t**2 + 17. Determine h(-3).
24
Let c(x) = -484*x**2 - 471*x**2 - 8 + 954*x**2 - 14*x. Calculate c(-14).
-8
Let t(s) = -s**3 - 6*s**2 + 19*s + 18. Let x be t(-8). Let k(f) be the first derivative of -4*f**2 - 1/3*f**3 - 7 - 7*f. What is k(x)?
5
Let x(u) = 3*u**3 + 3253*u**2 - 20*u - 2*u**3 - 6521*u**2 + 9 + 3265*u**2. Determine x(6).
-3
Let u(d) be the third derivative of 1/4*d**4 + 1/60*d**5 + 1/3*d**3 - 3 + 0*d + 5*d**2. What is u(-5)?
-3
Suppose 16 = -4*k - 4*h, k + h - 3*h = -10. Let s(g) = 13*g**2 + 16*g + 40. Let j(f) = -7*f**2 - 8*f - 21. Let q(z) = 11*j(z) + 6*s(z). Determine q(k).
-3
Suppose 0 = 4*x - x - 6. Let t(g) = 0 + 0*g**2 - 1 + 4*g**x. Let f = -9 - -8. What is t(f)?
3
Let u = -32 - -29. Let v(y) = -y**3 - 2*y + 357*y**2 + 2*y**3 + 9 + 0*y - 362*y**2 - 2*y**3. Calculate v(u).
-3
Suppose -u = -3*u - 3*i + 25, 0 = -2*i + 10. Let j(q) = 3 - 4 - 6*q - u*q + 3*q. Determine j(-1).
7
Let x(a) = a**3 + a**2 + 4*a + 1. Let u(m) = m**3 + 3*m**2 + 4*m + 2. Let y(q) = 2*u(q) - 3*x(q). Calculate y(4).
-31
Let h(s) = 2*s**2 - 56*s + 156. Suppose 12*o - 374 = -74. What is h(o)?
6
Let k(a) be the first derivative of a**4/4 - a**3/3 - 3*a**2/2 - 9*a - 3274. Calculate k(0).
-9
Let n be 4*1*5/10. Let g(h) = 5*h**2 + 3*h + h**3 + n*h**2 + 1 - 6*h**2. Suppose -9 = -9*q - 27. Determine g(q).
-9
Let b(o) = -9 + 60 + 17 + 7*o + 3 - 15. Calculate b(-10).
-14
Let u = 414 + -386. Let o be (0 + (-15)/10)*u/6. Let s(c) = c + 6. Determine s(o).
-1
Let t(i) = -13*i**2 - 199336*i + 199339*i - 8 + 10 + 5*i**2. Suppose 12 = -4*u + 4. What is t(u)?
-36
Let c(v) = 12*v**2 + 7*v**2 + 3*v - 14*v**2 - v**3 + 4. Calculate c(-2).
26
Let r(m) = -1 + 781*m - 19 - 1551*m + 774*m - 3. What is r(7)?
5
Let y(i) = -i**3 - 8*i**2 - 16*i - 1. Let o(v) = 16*v - 85. Let g be o(5). Let a be y(g). Let p(h) = h**2 - 3*h - 4. Determine p(a).
0
Let h(r) be the third derivative of -r**5/60 - 7*r**4/24 + 53*r**3/6 + r**2 + 58*r. Determine h(-12).
-7
Suppose -449*t + 537 = 986. Let n(h) be the first derivative of 7*h**3/3 + h**2 + h + 1. What is n(t)?
6
Let c(g) = -7*g**2 + 11*g - 5. Let x(s) = 4*s**2 - 6*s + 3. Let k(j) = 3*c(j) + 5*x(j). Let w = 1114 + -1117. Calculate k(w).
-18
Let b(q) = q**3 + 21*q**2 + 19*q + 18. Let r be b(-16). Let d(c) = -r*c**2 - c + 3*c + 993*c**2. Calculate d(1).
1
Let d(c) = 7*c**3 - 21*c**2 + 8*c - 22. Suppose 11*p - 12*p + 6 = 0. Let u(a) = -a**3 + 2*a**2 - a + 2. Let r(o) = p*u(o) + d(o). Determine r(9).
8
Let v(f) be the second derivative of -f**3/3 - 2*f**2 - f. Let h(s) = -s**3 - 5*s**2 + 6*s + 3. Let o be h(0). Calculate v(o).
-10
Let r = -15 - -8. Let q be ((-20)/6 + 2)*(-27)/6. Let i(j) = 56*j**2 - 107*j**2 + j**3 - q*j + 5 + 57*j**2. Give i(r).
-2
Suppose 39*i = 46*i. Let d(g) = -3*g**3 - 2*g**2 - 3*g + 11. Let f(t) = -4*t**3 - 3*t**2 - 4*t + 11. Let y(n) = 3*d(n) - 2*f(n). What is y(i)?
11
Let q(o) = 3*o**2 - 3*o - 1. Let j(n) = n**2 - 23. Let z be j(6). Suppose -z*a + 12*a - 2 = 0. Let f be ((-6)/7)/(a/7). Determine q(f).
17
Suppose 50*d = -9*d + 295. Let m(l) = l**2 + 5. What is m(d)?
30
Let r(j) be the third derivative of -j**4/24 - j**3/6 - j**2. Suppose 3 = y - a - 0, 0 = 5*y + 4*a + 12. Suppose -3*n + 2*n + 5*n = y. Determine r(n).
-1
Let g(c) = -108*c - 1946. Let z be g(-18). Let h = 6 - 3. Let p(u) = 4*u**3 - 2*u**3 + h*u**2 + u**2 + 2*u - 2. Determine p(z).
-6
Let d(q) = -27*q**3 + 55*q**2 - 2*q + 36. Let m(a) = 11*a**3 - 28*a**2 + a - 19. Let h(o) = -2*d(o) - 5*m(o). Give h(30).
-7
Suppose -3*c = 3*j + 6, -2*j + 4*c - 13 = -33. Let w(d) = d**2 + d**2 + 11*d + 9 + 3*d**j - 4*d**2. Suppose 4*k + 16 + 16 = 0. What is w(k)?
-15
Suppose 3 + 3 = -3*b. Let y(n) be the first derivative of 21*n**2/2 + n - 121. Let v(c) = -23*c - 1. Let m(j) = 6*v(j) + 7*y(j). Calculate m(b).
-17
Let a = 477 + -472. Let o(y) = 4 + 5 + a - 3 - 2*y. Calculate o(13).
-15
Let v = 9783 - 9779. Let g(s) = s**3 - s**2 - 9*s - 2. Determine g(v).
10
Let i(j) = j - 14. Let o be i(18). Let m(q) = -4*q + 0 + o - q**2 - 1 + 4. What is m(-5)?
2
Let w(k) = -k**3 - k**2 + 3*k - 1. Let l(z) = 2*z**2 - 29*z + 52. Let m be l(2). Give w(m).
-7
Let i = -177 - -182. Let c(r) = 3*r**3 + 7*r**2 - 13*r - 8. Let b(d) = -d**3 - 4*d**2 + 6*d + 4. Let q = 91 - 86. Let a(z) = q*b(z) + 2*c(z). Give a(i).
-1
Let y be 1*(-1 - 0)*-1. Let h = y - 0. Let f(x) = 2*x + 11*x + 1 - 29*x + 22*x. Give f(h).
7
Let z = 67 + -67. Suppose -7*n = -z*n - 7. Let x(l) = n - 2 - 20*l + 18*l. Determine x(4).
-9
Let s(j) = -54. Let g(n) = 8*n - 331. Let l(h) = g(h) - 6*s(h). Give l(-10).
-87
Let j be ((-6)/15 - -1)/(2/20). Let m(h) = 5 + j*h - 10*h + h**2 - 6*h. Let c(y) = y + 1. Let o(a) = -2*c(a) - m(a). Give o(7).
0
Let u(k) = 4*k**3 + 4*k**2 - 2*k - 69. Let c(i) = -3*i**3 - 2*i**2 + 2*i + 55. Let n(q) = 5*c(q) + 4*u(q). What is n(-6)?
-13
Suppose 0 = 2*l - l - 4*c + 20, -l - 65 = 5*c. Let t = l + 20. Let x = t - -14. Let y(p) = p**2 + 5*p - 5. Give y(x).
1
Let j be ((-210)/(-294))/((-3)/21). Let w(p) be the third derivative of p**5/60 + 7*p**4/24 + p**3 + 12*p**2. Give w(j).
-4
Suppose 4*t + 140 = -2*t + 116. Let v(k) = 0*k + 2*k - 3*k**2 + k + 1 - k**3. Determine v(t).
5
Let a(x) be the second derivative of 1/20*x**5 + 7 + 1/6*x**3 + 10*x + 8*x**2 + x**4. Give a(-12).
4
Suppose 1 = m - 1. Let w(c) = 13*c - 4*c**m + 3*c**2 - 8*c - 5. Suppose -3*q = 4*t - 7, t - 4*q - 4 = 12. Calculate w(t).
-1
Let t(a) = -9*a**3 + a**2 - 3*a - 3. Let y(o) = 15*o**2 - 46*o + 2. Let u be y(3). Give t(u).
10
Let f be 17 - (2 + -2 - 1)*1. Suppose 99 - f = 4*t - j, -2*j + 28 = 2*t. Let m(q) = 14 + 4 - 6*q + 2*q - t. What is m(-4)?
15
Let t(r) = -27*r**3 + r**2 + r - 1. Let m(a) = -a**3 - 3*a**2 + 3*a + 11. Suppose -11*g + 104 = 126. Let n be m(g). Give t(n).
-26
Suppose -74 = -t + 